{"id":107,"date":"2012-09-17T16:34:58","date_gmt":"2012-09-17T16:34:58","guid":{"rendered":"http:\/\/www.impressarepuestos.com\/nicaragua\/?page_id=107"},"modified":"2014-07-25T15:07:42","modified_gmt":"2014-07-25T21:07:42","slug":"quienes-somos","status":"publish","type":"page","link":"https:\/\/www.impressarepuestos.com\/nicaragua\/quienes-somos\/","title":{"rendered":"Quienes Somos"},"content":{"rendered":"<p><a href=\"http:\/\/www.impressarepuestos.com\/elsalvador\/files\/2012\/06\/impre.jpg\"><img loading=\"lazy\" decoding=\"async\" title=\"impre\" src=\"http:\/\/www.impressarepuestos.com\/elsalvador\/files\/2012\/06\/impre.jpg\" alt=\"\" width=\"522\" height=\"345\" \/><\/a><\/p>\n<p>Somos una empresa con 60 a\u00f1os de experiencia como importadores de repuestos de marcas de excelencia en el mundo entero. Nos sentimos orgullosos de ser especialistas en la venta de repuestos, y de contar con m\u00e1s de 70 l\u00edneas de inventario que comercializamos a trav\u00e9s de nuestras 26\u00a0sucursales\u00a0y 8\u00a0talleres\u00a0a lo largo y ancho de El Salvador, 1 sucursal en Honduras y 2 sucursales en Nicaragua.<\/p>\n<p><strong>IMPRESSA<\/strong>\u00a0comprometida con sus clientes le ofrece los mejores precios, facilidad de horarios y una extensa gama de repuestos con excelente calidad.<\/p>\n<h1>MISION<\/h1>\n<blockquote>\n<p>\u201cNuestro compromiso es vender productos y servicios de calidad para la industria automotriz, a los mejores precios del mercado y con\u00a0garant\u00eda\u00a0completa, con el fin de satisfacer a nuestros clientes y crear valor a la sociedad, a nuestros empleados y accionistas de forma sostenible\u201d<\/p>\n<\/blockquote>\n<h1>VISION<\/h1>\n<blockquote>\n<p>\u201cSer los l\u00edderes regionales, comercializando l\u00edneas completas de repuestos y servicios, con los mejores precios del mercado y garant\u00eda total\u201d<\/p>\n<\/blockquote>\n","protected":false},"excerpt":{"rendered":"<p>Somos una empresa con 60 a\u00f1os de experiencia como importadores de repuestos de marcas de excelencia en el mundo entero. Nos sentimos orgullosos de ser especialistas en la venta de repuestos, y de contar con m\u00e1s de 70 l\u00edneas de inventario que comercializamos a trav\u00e9s de nuestras 26\u00a0sucursales\u00a0y 8\u00a0talleres\u00a0a lo largo y ancho de El &hellip; <a href=\"https:\/\/www.impressarepuestos.com\/nicaragua\/quienes-somos\/\" class=\"more-link\">Sigue leyendo <span class=\"screen-reader-text\">Quienes Somos<\/span> <span class=\"meta-nav\">&rarr;<\/span><\/a><\/p>\n","protected":false},"author":2,"featured_media":0,"parent":0,"menu_order":0,"comment_status":"open","ping_status":"open","template":"","meta":{"_acf_changed":false,"footnotes":""},"class_list":["post-107","page","type-page","status-publish","hentry"],"acf":[],"_links":{"self":[{"href":"https:\/\/www.impressarepuestos.com\/nicaragua\/wp-json\/wp\/v2\/pages\/107","targetHints":{"allow":["GET"]}}],"collection":[{"href":"https:\/\/www.impressarepuestos.com\/nicaragua\/wp-json\/wp\/v2\/pages"}],"about":[{"href":"https:\/\/www.impressarepuestos.com\/nicaragua\/wp-json\/wp\/v2\/types\/page"}],"author":[{"embeddable":true,"href":"https:\/\/www.impressarepuestos.com\/nicaragua\/wp-json\/wp\/v2\/users\/2"}],"replies":[{"embeddable":true,"href":"https:\/\/www.impressarepuestos.com\/nicaragua\/wp-json\/wp\/v2\/comments?post=107"}],"version-history":[{"count":3,"href":"https:\/\/www.impressarepuestos.com\/nicaragua\/wp-json\/wp\/v2\/pages\/107\/revisions"}],"predecessor-version":[{"id":663,"href":"https:\/\/www.impressarepuestos.com\/nicaragua\/wp-json\/wp\/v2\/pages\/107\/revisions\/663"}],"wp:attachment":[{"href":"https:\/\/www.impressarepuestos.com\/nicaragua\/wp-json\/wp\/v2\/media?parent=107"}],"curies":[{"name":"wp","href":"https:\/\/api.w.org\/{rel}","templated":true}]}}